s**3 + 18*s**2 - 35. Let a be r(-18). Let w = 252 + a. What are the prime factors of w?
7, 31
Suppose -7*t = -3*t - 4140. Suppose 0 = 2*q + 3*n - 411, 0*q = -5*q - 5*n + t. Suppose 5*o + 3*s + 2*s = q, 0 = 3*s. What are the prime factors of o?
2, 3, 7
Suppose -c = 121 - 485. List the prime factors of c.
2, 7, 13
Let v(l) = 4*l - 4. Let c be (2/(-6))/(1/(-18)). Let u = -2 + c. What are the prime factors of v(u)?
2, 3
Let m(t) = -t**3 + 19*t**2 + 20*t + 12. Let j be m(20). What are the prime factors of ((-404)/j)/(2/(-6) + 0)?
101
Let h be 1 + 1 + 1 - -16. Let o = -12 + h. What are the prime factors of (-2)/(-1) - (o - 11)?
2, 3
Suppose -67*x - 25885 + 125246 = 0. List the prime factors of x.
1483
What are the prime factors of (2 - 3) + 2220 - (17 - 16)?
2, 1109
List the prime factors of (-54)/(-90) + (-1 - (-25514)/10).
2551
Suppose -2*j + j = -252. Let g = j + -151. List the prime factors of g.
101
Suppose 2*u = -2*q + 10, 3*u = -q + 1 + 4. Suppose -4*k = -9*k + 5, -k + 21 = q*t. Suppose -t*y - 72 = -4*o - 176, 4*y - 112 = 2*o. List the prime factors of y.
2, 3, 5
Let p(b) = b**2 - 20*b - 191. List the prime factors of p(-17).
2, 3, 73
Let z(b) = -14*b. Let i(q) = -8*q + 37. Let s be i(6). List the prime factors of z(s).
2, 7, 11
Suppose 0 = 2*y - 5*y + 69. Let m be y - ((-2)/(-2) - 2). Let h = m + -17. What are the prime factors of h?
7
Let d(h) be the second derivative of -h**3/2 - 4*h**2 + 24*h. What are the prime factors of d(-8)?
2
Let s(o) = 30*o**2 - 22*o - 4. List the prime factors of s(7).
2, 41
Suppose 3*a = a + 4. Let c(w) = -a*w + w + 13 - 5 + 0*w. List the prime factors of c(0).
2
Let k be (1 - -1)/(4 - 3). Suppose -g + k*g + 9 = -3*d, -5*g - 5*d - 5 = 0. Suppose 2*a - g*a + 29 = 0. List the prime factors of a.
29
Let f be ((-2)/2)/((-4)/12). Suppose 0 = -f*d + 76 - 1. List the prime factors of d.
5
Let d(h) = -4*h**3 - 2*h**2 + 7*h + 10. What are the prime factors of d(-6)?
2, 5, 19
Suppose 4*u + 6*u - 20 = 0. Suppose u*x - 5*h + 50 = 3*x, -5*h = -x + 20. What are the prime factors of x?
5, 7
Let m be 96/8 - (5 + -2). Suppose 3*f - 277 = -5*h, -5*f - 5*h = -m*h - 511. What are the prime factors of f?
3, 11
Let h(k) = -119*k + 9. Let m be h(-10). Suppose -14*l + 3*l = -m. What are the prime factors of l?
109
Let l = 136 - -5436. List the prime factors of l/34 + 8/340*5.
2, 41
Let d be (-2872)/10*65/(-26). Suppose 0 = 10*m - d + 98. List the prime factors of m.
2, 31
Let t be 4/(-12*4/(-612)). Let y(b) = b**2 - 8*b - 13. Let p be y(10). Suppose p*m = 4*m + t. List the prime factors of m.
17
Let x = -15 + 38. Suppose -22*y - 74 = -x*y. What are the prime factors of y?
2, 37
Suppose 4*p + 4*r = 16, -p - r + 6 = p. Suppose -4*b - 4*q = -40, 3*b = -p*b - q + 62. Suppose 0 = -k + b. What are the prime factors of k?
13
Let n be (-4)/16 + (-58)/(-8). Let v = 11 - n. List the prime factors of 9/(2/v*3).
2, 3
Suppose 2*g + 6072 = 5*b, -2*b + b + 4*g = -1200. What are the prime factors of b?
2, 19
Let c(h) = -h**2 - 13*h + 5. Let z be c(-8). Let o = z + 8. List the prime factors of o.
53
Let d be 3364/8 + 18/12. Suppose -5*b + d = c - 288, 3*c = -4*b + 579. List the prime factors of b.
3, 47
Let j = 117 + -79. What are the prime factors of j?
2, 19
Let i = 24 + -17. Suppose -i*f + 204 = -11*f. What are the prime factors of ((-28)/(-3))/((-34)/f)?
2, 7
Let j(k) = 2*k**3 + k**2 - k + 1. Let x be j(1). Suppose 2*o = 1 + x. What are the prime factors of 2*(o + (12 - 3))?
2, 11
Let x be 10/6*(-8 + 5). Let k = 55 + x. What are the prime factors of k?
2, 5
Suppose 3*a - 12 = -q - 5, 0 = -2*a - 3*q. What are the prime factors of 741/9 + (-4)/a?
3
Let x(t) = -1447*t**3 + 3*t**2 + 2*t - 2. What are the prime factors of x(-1)?
2, 3, 241
Suppose -5*t = b + 2 - 1, -2*t = -2*b + 10. Suppose 4*y - y + 3*d - 114 = 0, -5*d = b*y - 149. Let v = y + -23. List the prime factors of v.
2, 3
Let n = -17 + 21. Suppose -o - 4*w = -0*w - 8, 3*w = n*o + 6. Suppose -3*q + 160 = 4*k, -5*q = -o*q. What are the prime factors of k?
2, 5
Let t be (27/(-12))/((-4)/256). Let w = t - 39. What are the prime factors of (2 - 1)/(3/w)?
5, 7
Let u = -21 - -57. Suppose 29 = s - u. List the prime factors of s.
5, 13
Suppose 66*s = 71*s - 360. Let q = 61 + s. List the prime factors of q.
7, 19
Suppose 2*y - y - 5 = 0. Suppose v - 4 = -2*m, -3*v + 5 = 5*m - 5. Suppose 0 = 3*g - y*q - 100 + 7, v = -3*g - q + 75. List the prime factors of g.
2, 13
Let o = -297 - -702. List the prime factors of o.
3, 5
Let n(x) = 96*x + 2. Let i be n(1). Suppose -4*w = -6*w + i. What are the prime factors of w?
7
Suppose 396 = 4*l - 4*j, 4*l - l = -2*j + 282. Let u be ((-2)/2)/((-8)/l). Suppose 2*h = u + 2. What are the prime factors of h?
7
Suppose i = -3*w + 5, 0*w = 2*w - 2. Suppose 0 = -2*m + 2, -4*k + i*m + 40 = -106. What are the prime factors of k?
37
Suppose 0 = -5*a - 0*a. Suppose -12*h + 7*h + 210 = a. List the prime factors of h.
2, 3, 7
Suppose q = -m - 20, 2*m + 100 = -3*m + 2*q. Let r(p) = -p**2 + 2*p - 1. Let v be r(-5). Let i = m - v. What are the prime factors of i?
2
Suppose 0*d = -4*d - 12. What are the prime factors of ((d - -7) + -17)*-1?
13
Suppose 5*t - 2*j - 843 = 1098, 4*t = -5*j + 1533. What are the prime factors of t?
3, 43
Suppose -18*t - 182 = -11*t. Suppose 0 + 180 = -3*x. Let i = t - x. List the prime factors of i.
2, 17
List the prime factors of -1*(7 - 4) + 230*9.
3, 13, 53
Let p(s) be the first derivative of 3*s**2 - 53*s - 5. List the prime factors of p(21).
73
Let z(j) = -j**3 + 12*j**2 + 14*j + 16. Let d(y) = y - 1. Let v(m) = 8*m + 1. Let x(o) = -6*d(o) + v(o). Let p be x(3). List the prime factors of z(p).
29
Let l = -564 + 300. What are the prime factors of (4/(-8))/(2/l)?
2, 3, 11
Let o(y) = 7*y**3 - 8*y**2 - 9*y + 11. Let q(z) = 8*z**3 - 8*z**2 - 9*z + 11. Let w(x) = 7*o(x) - 6*q(x). Let k = -3 - -12. List the prime factors of w(k).
11
Suppose -12 + 0 = 2*b. Let i(c) = c + 9. Let g be i(b). Let n = g + 7. What are the prime factors of n?
2, 5
Suppose -1613*b + 3125 = -1608*b. What are the prime factors of b?
5
Let q be (5/3 + -2)*0/(-1). Suppose 3*c - 104 + 32 = q. List the prime factors of c.
2, 3
Let a be 3 + (1 - (1 + -1)). Suppose -4*y - a*q - 32 = 0, -q + 2*q + 11 = -2*y. List the prime factors of (-3 - y) + 2 - -33.
5, 7
Suppose -4 = 3*j + 2*j + 2*h, 3*h = -4*j - 6. Let m(c) = c + 37. Let u(r) = -r - 36. Let v(x) = 4*m(x) + 3*u(x). What are the prime factors of v(j)?
2, 5
Suppose 363 = 5*k - 802. Let q = k + -163. Suppose 4*s - 252 = 2*t - q, -3*s = t - 124. What are the prime factors of s?
43
Let z be 6/((-1)/(2 - 3)). Suppose z*p - 135 = p. Suppose -3*a + 3 = -p. List the prime factors of a.
2, 5
List the prime factors of (93/1)/(6/4).
2, 31
Let r = -9 - -13. Suppose -4*q = 3*n + 42, -r*n + n = -6. Let a = q - -30. What are the prime factors of a?
2, 3
Let l be 4*((-43)/(-4) + 4). Suppose -4*n + 13 = -l. List the prime factors of n.
2, 3
Let r = 805 - 260. What are the prime factors of r?
5, 109
Let j be 2*-1*(2 - 7). Let b = j + -8. Suppose 5*m - 4 - 14 = -3*c, -b*m + 4 = 2*c. What are the prime factors of m?
2, 3
Suppose s = -s - 28. What are the prime factors of s/8*(-6 - -2)?
7
Let w(a) = -a**2 + 75*a - 297. List the prime factors of w(52).
29, 31
Suppose -3*j + 2*m = -8, 5*m = j + 4*j - 15. Suppose 0 = -2*s + 2*i + 132, 0 = -j*s - 2*s - 2*i + 294. What are the prime factors of s?
71
Let s(d) be the third derivative of 37*d**6/24 - d**5/60 - d**4/24 + d**3/3 + 18*d**2. What are the prime factors of s(1)?
5, 37
Let s be (10 - 1)/(2/2). Suppose 26 = 5*n - 4*p, -5*n + 13 = -3*p - s. Suppose n*w - 52 - 14 = 0. List the prime factors of w.
3, 11
Suppose 9*l + 96 = 5*l. List the prime factors of 4*2*(-171)/l.
3, 19
Suppose 0 = 2*x - 0*x - 26. Suppose -x*l - 18 = -15*l. What are the prime factors of l?
3
Suppose -p = -u - 1598, 3*p + 2*u - 3543 = 1256. What are the prime factors of p?
3, 13, 41
Let t = -599 + 1326. What are the prime factors of t?
727
Let g(h) = -2 + h + 39 - 6. Let s(f) = 3*f + 93. Let q(x) = -8*g(x) + 3*s(x). List the prime factors of q(0).
31
Let z(x) = -2*x**3 + 28*x**2 - 3*x + 37. Let m be z(14). Let o(t) = 1 + t**3 + 8*t - t**2 - 5 - 2*t**3. List the prime factors of o(m).
2, 7
Suppose -166*s + 162*s + 1512 = 0. List the prime fact